base 5) to base 14.
44b65
Convert 14641 (base 16) to base 11.
57829
Convert -3a0a0 (base 16) to base 14.
-628c8
What is c4b3a8 (base 14) in base 15?
8b1e4c
What is -4112203 (base 11) in base 4?
-123231221023
Convert 6b8b0 (base 12) to base 13.
50b35
What is 11100010001100 (base 2) in base 7?
60130
What is -51436a (base 11) in base 5?
-202410114
129b (base 13) to base 10
2663
Convert -742771 (base 8) to base 13.
-88733
Convert -1071623 (base 8) to base 12.
-1209ab
1182450 (base 9) to base 14
12adb7
What is 166510 (base 8) in base 4?
32311020
12010547 (base 9) to base 15
7a92aa
40388 (base 9) to base 8
63707
Convert 173208 (base 9) to base 16.
1a345
What is 13424545 (base 6) in base 12?
19b155
Convert -614a0 (base 13) to base 15.
-369e9
Convert 114032133 (base 5) to base 4.
2002032222
What is 4903a (base 14) in base 7?
1342103
What is -2130022 (base 7) in base 15?
-51c84
What is -404525 (base 6) in base 15?
-97e5
-210011210020 (base 3) to base 4
-1211301000
-14403123 (base 5) to base 4
-211133002
-1240222513 (base 6) to base 11
-8255818
Convert 15b999 (base 12) to base 3.
200221120100
Convert -1212122101 (base 3) to base 16.
-9037
What is -100101111110010100000 (base 2) in base 8?
-4576240
Convert -370702 (base 8) to base 4.
-133013002
Convert 30030132 (base 6) to base 7.
10112630
Convert -106a29 (base 11) to base 4.
-221210212
97a30 (base 16) to base 6
21151252
-21aa9a (base 11) to base 14
-920a0
-4402153 (base 6) to base 5
-23440404
527062 (base 15) to base 6
220020402
-821457 (base 11) to base 5
-314211232
-23505 (base 11) to base 3
-1201111000
34314013 (base 8) to base 16
71980b
What is -facf9 (base 16) in base 3?
-1221012012221
Convert 41330310 (base 6) to base 2.
100100011011100000010
1303000020 (base 4) to base 13
136536
What is 3002264 (base 7) in base 11?
221886
What is -2179 (base 10) in base 5?
-32204
Convert -11001011110000111001110 (base 2) to base 13.
-14ca16c
-17348 (base 12) to base 8
-101050
5415c (base 16) to base 3
122111110000
Convert -223564114 (base 7) to base 3.
-221122110011121
Convert -12110000022 (base 3) to base 10.
-107171
-3400212 (base 5) to base 10
-59432
Convert 1265164 (base 7) to base 11.
104914
-35042 (base 11) to base 16
-c5c0
-111333003 (base 4) to base 14
-24b63
Convert 132000203321 (base 4) to base 11.
4493340
81881 (base 10) to base 11
56578
Convert -1332103101 (base 4) to base 13.
-151617
Convert 1000001200012 (base 3) to base 8.
2020265
1563110 (base 12) to base 2
10000101000011011011100
What is 21141303 (base 5) in base 6?
3450411
What is 54030411 (base 6) in base 11?
996937
What is 27819a (base 12) in base 13?
19cccc
511540 (base 9) to base 14
7c5b2
Convert 203302202102 (base 4) to base 6.
533031202
-109a940 (base 11) to base 6
-105034325
What is -256118 (base 10) in base 6?
-5253422
6414532 (base 7) to base 12
3158b7
Convert -195b1a (base 12) to base 10.
-445702
What is 54bb2 (base 12) in base 4?
123122312
What is -c818 (base 16) in base 7?
-302225
Convert 57338 (base 9) to base 7.
216221
Convert 1311232 (base 5) to base 2.
110010011011001
-202010120212 (base 3) to base 5
-100140100
Convert -525270 (base 8) to base 9.
-285665
-3b7c6 (base 16) to base 6
-5120010
What is 1022222022020 (base 3) in base 8?
2546761
Convert -64658e (base 15) to base 3.
-22222212021122
-1043002 (base 6) to base 4
-30310022
What is 46c5a9 (base 13) in base 7?
20212201
What is -4718808 (base 10) in base 15?
-633273
What is b09b7 (base 12) in base 16?
3809b
6b154 (base 13) to base 5
22231041
-522128 (base 11) to base 10
-837350
Convert -462172 (base 8) to base 14.
-411d8
10262235 (base 7) to base 5
210403443
What is -500ac7 (base 13) in base 5?
-433431233
What is -1221100200202 (base 3) in base 8?
-3734667
-3163de (base 15) to base 14
-45252c
111101101000100001 (base 2) to base 4
331220201
-2da8d3 (base 15) to base 11
-1281416
15689 (base 16) to base 4
111122021
112112001002 (base 3) to base 13
a0115
-4b78bb (base 16) to base 2
-10010110111100010111011
Convert 3540230 (base 8) to base 4.
3230002120
-1100101001110110 (base 2) to base 15
-10555
Convert 2212101112101 (base 3) to base 15.
201514
Convert 1000001010101011101010 (base 2) to base 11.
1232549
What is -658325 (base 9) in base 11?
-249462
b97ed (base 16) to base 9
1377210
What is 3210100 (base 10) in base 12?
10a9844
Convert -1783580 (base 9) to base 8.
-3641000
What is -42115153 (base 6) in base 8?
-4525155
Convert -4d5c8 (base 15) to base 16.
-3c788
Convert 17b1617 (base 12) to base 10.
4958515
Convert -212806 (base 11) to base 10.
-340379
-6a459 (base 11) to base 7
-602341
-c70e (base 15) to base 4
-22101221
What is -88628 (base 11) in base 10?
-128532
-1101550204 (base 6) to base 5
-11013140104
401550230 (base 6) to base 8
31765712
What is -1110110011110111001 (base 2) in base 10?
-485305
What is 8742ab (base 12) in base 16?
20b3a3
Convert 100100100101000 (base 2) to base 4.
10210220
21b3c1 (base 15) to base 8
6103274
Convert 4057606 (base 8) to base 15.
162e05
What is -208431 (base 9) in base 12?
-5bb0a
-10019a (base 15) to base 4
-2321133001
-165897 (base 12) to base 3
-201110120221
Convert -2020120010122 (base 3) to base 13.
-329744
Convert -1031610 (base 8) to base 13.
-98429
Convert -4288685 (base 9) to base 16.
-232319
54443 (base 8) to base 13
a504
What is -163a97 (base 13) in base 8?
-2064230
What is -3016402 (base 7) in base 14?
-94472
Convert 111111100011101 (base 2) to base 14.
bc05
Convert -45604423 (base 7) to base 4.
-33030313030
Convert 624366 (base 7) to base 10.
107211
What is -2581578 (base 10) in base 11?
-150363a
What is 414035 (base 6) in base 11?
23011
Convert 1010111011110001100 (base 2) to base 5.
42431114
Convert 16115 (base 10) to base 9.
24085
-10111010111011101 (base 2) to base 8
-272735
36162 (base 8) to base 13
7074
Convert 576610 (base 9) to base 6.
11230013
13f214 (base 16) to base 2
100111111001000010100
64355035 (base 7) to base 16
538eb5
-1366142 (base 7) to base 4
-231010211
-30106272 (base 8) to base 4
-120020302322
Convert -149a361 (base 11) to base 9.
-4733360
Convert 372454 (base 10) to base 9.
626817
Convert -4b497b (base 13) to base 8.
-6716532
What is -70d578 (base 15) in base 10?
-5360738
44065145 (base 8) to base 14
13851c1
1108132 (base 12) to base 8
14311266
Convert -3031031010 (base 4) to base 2.
-11001101001101000100
Convert 2433563 (base 7) to base 13.
ab76a
What is 120300021 (base 4) in base 15?
20090
Convert 10110100110100011 (base 2) to base 10.
92579
-5cc7 (base 16) to base 10
-23751
Convert 7914a (base 12) to base 3.
22011201111
What is 3313125 (base 7) in base 14?
a83bc
What is -44474 (base 15) in base 12?
-a5701
Convert -20020020112012 (base 3) to base 8.
-14503615
What is 1323311213 (base 4) in base 12?
20565b
Convert 1110111111110011110110 (base 2) to base 9.
7351752
Convert -2485473 (base 9) to base 4.
-11022331101
Convert 110111010110000000 (base 2) to base 7.
1632620
What is 1292b4 (base 14) in base 6?
21414302
What is 2242321 (base 5) in base 15?
be41
What is 101210102212 (base 3) in base 10?
212459
What is 9c67c9 (base 13) in base 16?
3870d3
Convert -1243320 (base 6) to base 14.
-1aba8
What is 14320234 (base 6) in base 16?
7841e
Convert -105405134 (base 6) to base 11.
-1109458
Convert -111304 (base 9) to base 5.
-4112321
Convert 227a677 (base 12) to base 6.
354100231
Convert -210300031 (base 4) to base 16.
-24c0d
What is 1111220201 (base 3) in base 4?
13102003
What is -221120110110102 (base 3) in base 4?
-303311331101
What is -79013 (base 14) in base 10?
-293625
-13630014 (base 7) to base 9
-2367053
Convert -12013213042 (base 5) to base 13.
-2b24246
Convert -2210022021022 (base 3) to base 4.
-11221320032
What is a28d3f (base 16) in base 9?
22036136
What is 10325 (base 10) in base 4?
2201111
What is 111222122211 (base 3) in base 5?
32302224
Convert -252394 (base 11) to base 10.
-398435
Convert -10000201100 (base 3) to base 7.
-335451
What is 1455204 (base 6) in base 5?
10213041
What is 15b6198 (base 14) in base 3?
202001111001201
Convert -26421 (base 10) to base 15.
-7c66
What is -153222352 (base 7) in base 15?
-d7e584
What is -71174 (base 9) in base 3?
-2101012111
What is -26148 (base 12) in base 4?
-30231020
Convert 211010210 (base 3) to base 5.
1004030
Convert -21121210030 (base 4) to base 5.
-1112